{"id":1175,"date":"2025-05-30T13:43:13","date_gmt":"2025-05-30T11:43:13","guid":{"rendered":"https:\/\/monteeshistoriques.corsica\/?page_id=1175"},"modified":"2025-05-30T13:46:19","modified_gmt":"2025-05-30T11:46:19","slug":"document-rts-campile-2025","status":"publish","type":"page","link":"https:\/\/monteeshistoriques.corsica\/index.php\/document-rts-campile-2025\/","title":{"rendered":"Document RTS"},"content":{"rendered":"\n<div data-wp-interactive=\"core\/file\" class=\"wp-block-file\"><object data-wp-bind--hidden=\"!state.hasPdfPreview\" hidden class=\"wp-block-file__embed\" data=\"https:\/\/monteeshistoriques.corsica\/wp-content\/uploads\/2025\/05\/Securite-Campile-Legend-Mutori.pdf\" type=\"application\/pdf\" style=\"width:100%;height:600px\" aria-label=\"Contenu embarqu\u00e9 S\u00e9curit\u00e9 Campile Legend Mutori.\"><\/object><a id=\"wp-block-file--media-6603747b-23b9-4869-b798-4ea8886cf58c\" href=\"https:\/\/monteeshistoriques.corsica\/wp-content\/uploads\/2025\/05\/Securite-Campile-Legend-Mutori.pdf\">S\u00e9curit\u00e9 Campile Legend Mutori<\/a><a href=\"https:\/\/monteeshistoriques.corsica\/wp-content\/uploads\/2025\/05\/Securite-Campile-Legend-Mutori.pdf\" class=\"wp-block-file__button wp-element-button\" download aria-describedby=\"wp-block-file--media-6603747b-23b9-4869-b798-4ea8886cf58c\">T\u00e9l\u00e9charger<\/a><\/div>\n\n\n\n<div data-wp-interactive=\"core\/file\" class=\"wp-block-file\"><object data-wp-bind--hidden=\"!state.hasPdfPreview\" hidden class=\"wp-block-file__embed\" data=\"https:\/\/monteeshistoriques.corsica\/wp-content\/uploads\/2025\/05\/CLM-RTS-2025.pdf\" type=\"application\/pdf\" style=\"width:100%;height:600px\" aria-label=\"Contenu embarqu\u00e9 CLM RTS 2025.\"><\/object><a id=\"wp-block-file--media-4cf60c6b-f9ac-4b38-bf98-ffa55ae165bc\" href=\"https:\/\/monteeshistoriques.corsica\/wp-content\/uploads\/2025\/05\/CLM-RTS-2025.pdf\">CLM RTS 2025<\/a><a href=\"https:\/\/monteeshistoriques.corsica\/wp-content\/uploads\/2025\/05\/CLM-RTS-2025.pdf\" class=\"wp-block-file__button wp-element-button\" download aria-describedby=\"wp-block-file--media-4cf60c6b-f9ac-4b38-bf98-ffa55ae165bc\">T\u00e9l\u00e9charger<\/a><\/div>\n","protected":false},"excerpt":{"rendered":"","protected":false},"author":1,"featured_media":0,"parent":0,"menu_order":0,"comment_status":"closed","ping_status":"closed","template":"","meta":{"footnotes":""},"class_list":["post-1175","page","type-page","status-publish","hentry"],"_links":{"self":[{"href":"https:\/\/monteeshistoriques.corsica\/index.php\/wp-json\/wp\/v2\/pages\/1175","targetHints":{"allow":["GET"]}}],"collection":[{"href":"https:\/\/monteeshistoriques.corsica\/index.php\/wp-json\/wp\/v2\/pages"}],"about":[{"href":"https:\/\/monteeshistoriques.corsica\/index.php\/wp-json\/wp\/v2\/types\/page"}],"author":[{"embeddable":true,"href":"https:\/\/monteeshistoriques.corsica\/index.php\/wp-json\/wp\/v2\/users\/1"}],"replies":[{"embeddable":true,"href":"https:\/\/monteeshistoriques.corsica\/index.php\/wp-json\/wp\/v2\/comments?post=1175"}],"version-history":[{"count":3,"href":"https:\/\/monteeshistoriques.corsica\/index.php\/wp-json\/wp\/v2\/pages\/1175\/revisions"}],"predecessor-version":[{"id":1182,"href":"https:\/\/monteeshistoriques.corsica\/index.php\/wp-json\/wp\/v2\/pages\/1175\/revisions\/1182"}],"wp:attachment":[{"href":"https:\/\/monteeshistoriques.corsica\/index.php\/wp-json\/wp\/v2\/media?parent=1175"}],"curies":[{"name":"wp","href":"https:\/\/api.w.org\/{rel}","templated":true}]}}