{"id":1222,"date":"2025-06-24T09:49:11","date_gmt":"2025-06-24T07:49:11","guid":{"rendered":"https:\/\/monteeshistoriques.corsica\/?page_id=1222"},"modified":"2025-06-24T13:49:46","modified_gmt":"2025-06-24T11:49:46","slug":"carte-et-trace-la-porta-2025","status":"publish","type":"page","link":"https:\/\/monteeshistoriques.corsica\/index.php\/carte-et-trace-la-porta-2025\/","title":{"rendered":"Trac\u00e9"},"content":{"rendered":"\n<h3 class=\"wp-block-heading\">\ud83d\ude97 <em>Un parcours enti\u00e8rement revisit\u00e9 pour une \u00e9dition inoubliable<\/em><\/h3>\n\n\n\n<p>\u00c0 l\u2019occasion de sa 9\u1d49 \u00e9dition, la <strong>Mont\u00e9e Historique de La Porta \u2013 Castagniccia<\/strong> propose un <strong>tout nouveau trac\u00e9<\/strong>, sp\u00e9cialement con\u00e7u pour allier <strong>plaisir de conduite<\/strong>, <strong>s\u00e9curit\u00e9<\/strong>, et <strong>valorisation du territoire<\/strong>.<\/p>\n\n\n\n<p>\ud83c\udf89 Que vous soyez au volant ou sur le bord de la route, le <strong>trac\u00e9 2025<\/strong> vous garantit <strong>une immersion unique dans l\u2019histoire automobile et la beaut\u00e9 de la Castagniccia.<\/strong><\/p>\n\n\n\n<p><br><strong>\u00c0 vos casques, la mont\u00e9e peut commencer !<\/strong><\/p>\n\n\n\n<figure class=\"wp-block-image size-large\"><img loading=\"lazy\" decoding=\"async\" width=\"1024\" height=\"724\" src=\"https:\/\/monteeshistoriques.corsica\/wp-content\/uploads\/2025\/06\/Trace-2025-La-Porta-1024x724.jpg\" alt=\"\" class=\"wp-image-1236\" srcset=\"https:\/\/monteeshistoriques.corsica\/wp-content\/uploads\/2025\/06\/Trace-2025-La-Porta-1024x724.jpg 1024w, https:\/\/monteeshistoriques.corsica\/wp-content\/uploads\/2025\/06\/Trace-2025-La-Porta-300x212.jpg 300w, https:\/\/monteeshistoriques.corsica\/wp-content\/uploads\/2025\/06\/Trace-2025-La-Porta-768x543.jpg 768w, https:\/\/monteeshistoriques.corsica\/wp-content\/uploads\/2025\/06\/Trace-2025-La-Porta-1536x1086.jpg 1536w, https:\/\/monteeshistoriques.corsica\/wp-content\/uploads\/2025\/06\/Trace-2025-La-Porta-2048x1448.jpg 2048w\" sizes=\"auto, (max-width: 1024px) 100vw, 1024px\" \/><\/figure>\n","protected":false},"excerpt":{"rendered":"<p>\ud83d\ude97 Un parcours enti\u00e8rement revisit\u00e9 pour une \u00e9dition inoubliable \u00c0 l\u2019occasion de sa 9\u1d49 \u00e9dition, la Mont\u00e9e Historique de La&hellip;<\/p>\n","protected":false},"author":1,"featured_media":0,"parent":0,"menu_order":0,"comment_status":"closed","ping_status":"closed","template":"","meta":{"footnotes":""},"class_list":["post-1222","page","type-page","status-publish","hentry"],"_links":{"self":[{"href":"https:\/\/monteeshistoriques.corsica\/index.php\/wp-json\/wp\/v2\/pages\/1222","targetHints":{"allow":["GET"]}}],"collection":[{"href":"https:\/\/monteeshistoriques.corsica\/index.php\/wp-json\/wp\/v2\/pages"}],"about":[{"href":"https:\/\/monteeshistoriques.corsica\/index.php\/wp-json\/wp\/v2\/types\/page"}],"author":[{"embeddable":true,"href":"https:\/\/monteeshistoriques.corsica\/index.php\/wp-json\/wp\/v2\/users\/1"}],"replies":[{"embeddable":true,"href":"https:\/\/monteeshistoriques.corsica\/index.php\/wp-json\/wp\/v2\/comments?post=1222"}],"version-history":[{"count":2,"href":"https:\/\/monteeshistoriques.corsica\/index.php\/wp-json\/wp\/v2\/pages\/1222\/revisions"}],"predecessor-version":[{"id":1238,"href":"https:\/\/monteeshistoriques.corsica\/index.php\/wp-json\/wp\/v2\/pages\/1222\/revisions\/1238"}],"wp:attachment":[{"href":"https:\/\/monteeshistoriques.corsica\/index.php\/wp-json\/wp\/v2\/media?parent=1222"}],"curies":[{"name":"wp","href":"https:\/\/api.w.org\/{rel}","templated":true}]}}